{"id":696,"date":"2025-09-17T11:41:32","date_gmt":"2025-09-17T11:41:32","guid":{"rendered":"http:\/\/www.teresacantalejo.com\/?page_id=696"},"modified":"2025-09-17T11:41:33","modified_gmt":"2025-09-17T11:41:33","slug":"piano-solo","status":"publish","type":"page","link":"https:\/\/www.teresacantalejo.com\/index.php\/piano-solo\/","title":{"rendered":"Piano solo"},"content":{"rendered":"\n<h3 class=\"wp-block-heading\"><strong>M\u00fasica espa\u00f1ola<\/strong><\/h3>\n\n\n\n<p class=\"wp-block-paragraph\"><em>O\u00f1azez<\/em>, padre Donosti<\/p>\n\n\n\n<p class=\"wp-block-paragraph\"><em>Malague\u00f1a<\/em>, Isaac Alb\u00e9niz<\/p>\n\n\n\n<p class=\"wp-block-paragraph\"><em>Oriental<\/em>, Enrique Granados<\/p>\n\n\n\n<p class=\"wp-block-paragraph\"><em>Andaluza<\/em>, Enrique Granados<\/p>\n\n\n\n<p class=\"wp-block-paragraph\"><em>Evocaci\u00f3n<\/em>, Isaac Alb\u00e9niz<\/p>\n\n\n\n<p class=\"wp-block-paragraph\"><em>El Puerto<\/em>, Isaac Alb\u00e9niz<\/p>\n\n\n\n<p class=\"wp-block-paragraph\"><em>C\u00f3rdoba<\/em>, Isaac Alb\u00e9niz<\/p>\n\n\n\n<p class=\"wp-block-paragraph\"><em>Canci\u00f3n y danza VI<\/em>, Federico Mompou<\/p>\n\n\n\n<p class=\"wp-block-paragraph\"><em>La maja y el ruise\u00f1or<\/em>, Enrique Granados<\/p>\n\n\n\n<p class=\"wp-block-paragraph\"><em>Danzas fant\u00e1sticas<\/em>, Joaqu\u00edn Turina<\/p>\n\n\n\n<p class=\"wp-block-paragraph\"><em>Puerta de tierra<\/em>, Isaac Alb\u00e9niz<\/p>\n\n\n\n<p class=\"wp-block-paragraph\"><em>Castilla<\/em>, Isaac Alb\u00e9niz<\/p>\n\n\n\n<p class=\"wp-block-paragraph\"><em>La vida breve (danza1)<\/em>, Manuel de Falla<\/p>\n\n\n\n<p class=\"wp-block-paragraph\"><em>C\u00f3rdoba<\/em>, Isaac Alb\u00e9niz<\/p>\n\n\n\n<p class=\"wp-block-paragraph\"><em>Danza IX, Rom\u00e1ntica<\/em>, Enrique Granados<\/p>\n\n\n\n<p class=\"wp-block-paragraph\"><em>El polo gitano<\/em>, Tom\u00e1s Bret\u00f3n<\/p>\n\n\n\n<p class=\"wp-block-paragraph\"><\/p>\n","protected":false},"excerpt":{"rendered":"<p>M\u00fasica espa\u00f1ola O\u00f1azez, padre Donosti Malague\u00f1a, Isaac Alb\u00e9niz Oriental, Enrique Granados Andaluza, Enrique Granados Evocaci\u00f3n, Isaac Alb\u00e9niz El Puerto, Isaac Alb\u00e9niz C\u00f3rdoba, Isaac Alb\u00e9niz Canci\u00f3n y danza VI, Federico Mompou La maja y el ruise\u00f1or, Enrique Granados Danzas fant\u00e1sticas, Joaqu\u00edn Turina Puerta de tierra, Isaac Alb\u00e9niz Castilla, Isaac Alb\u00e9niz La vida breve (danza1), Manuel de [&hellip;]<\/p>\n","protected":false},"author":1,"featured_media":0,"parent":0,"menu_order":0,"comment_status":"closed","ping_status":"closed","template":"","meta":{"_seopress_titles_title":"","_seopress_titles_desc":"","_seopress_robots_index":"","_seopress_robots_follow":"","_seopress_robots_imageindex":"","_seopress_robots_snippet":"","_seopress_robots_primary_cat":"","_seopress_robots_breadcrumbs":"","_seopress_robots_freeze_modified_date":"","_seopress_robots_custom_modified_date":"","_seopress_robots_canonical":"","_seopress_social_fb_title":"","_seopress_social_fb_desc":"","_seopress_social_fb_img":"","_seopress_social_fb_img_attachment_id":0,"_seopress_social_fb_img_width":0,"_seopress_social_fb_img_height":0,"_seopress_social_twitter_title":"","_seopress_social_twitter_desc":"","_seopress_social_twitter_img":"","_seopress_social_twitter_img_attachment_id":0,"_seopress_social_twitter_img_width":0,"_seopress_social_twitter_img_height":0,"_seopress_redirections_value":"","_seopress_redirections_enabled":"","_seopress_redirections_enabled_regex":"","_seopress_redirections_logged_status":"both","_seopress_redirections_param":"","_seopress_redirections_type":301,"_seopress_analysis_target_kw":"","footnotes":""},"class_list":["post-696","page","type-page","status-publish","hentry"],"_links":{"self":[{"href":"https:\/\/www.teresacantalejo.com\/index.php\/wp-json\/wp\/v2\/pages\/696","targetHints":{"allow":["GET"]}}],"collection":[{"href":"https:\/\/www.teresacantalejo.com\/index.php\/wp-json\/wp\/v2\/pages"}],"about":[{"href":"https:\/\/www.teresacantalejo.com\/index.php\/wp-json\/wp\/v2\/types\/page"}],"author":[{"embeddable":true,"href":"https:\/\/www.teresacantalejo.com\/index.php\/wp-json\/wp\/v2\/users\/1"}],"replies":[{"embeddable":true,"href":"https:\/\/www.teresacantalejo.com\/index.php\/wp-json\/wp\/v2\/comments?post=696"}],"version-history":[{"count":1,"href":"https:\/\/www.teresacantalejo.com\/index.php\/wp-json\/wp\/v2\/pages\/696\/revisions"}],"predecessor-version":[{"id":699,"href":"https:\/\/www.teresacantalejo.com\/index.php\/wp-json\/wp\/v2\/pages\/696\/revisions\/699"}],"wp:attachment":[{"href":"https:\/\/www.teresacantalejo.com\/index.php\/wp-json\/wp\/v2\/media?parent=696"}],"curies":[{"name":"wp","href":"https:\/\/api.w.org\/{rel}","templated":true}]}}

<h3 class="wp-block-heading"><strong>Música española</strong></h3>



<p class="wp-block-paragraph"><em>Oñazez</em>, padre Donosti</p>



<p class="wp-block-paragraph"><em>Malagueña</em>, Isaac Albéniz</p>



<p class="wp-block-paragraph"><em>Oriental</em>, Enrique Granados</p>



<p class="wp-block-paragraph"><em>Andaluza</em>, Enrique Granados</p>



<p class="wp-block-paragraph"><em>Evocación</em>, Isaac Albéniz</p>



<p class="wp-block-paragraph"><em>El Puerto</em>, Isaac Albéniz</p>



<p class="wp-block-paragraph"><em>Córdoba</em>, Isaac Albéniz</p>



<p class="wp-block-paragraph"><em>Canción y danza VI</em>, Federico Mompou</p>



<p class="wp-block-paragraph"><em>La maja y el ruiseñor</em>, Enrique Granados</p>



<p class="wp-block-paragraph"><em>Danzas fantásticas</em>, Joaquín Turina</p>



<p class="wp-block-paragraph"><em>Puerta de tierra</em>, Isaac Albéniz</p>



<p class="wp-block-paragraph"><em>Castilla</em>, Isaac Albéniz</p>



<p class="wp-block-paragraph"><em>La vida breve (danza1)</em>, Manuel de Falla</p>



<p class="wp-block-paragraph"><em>Córdoba</em>, Isaac Albéniz</p>



<p class="wp-block-paragraph"><em>Danza IX, Romántica</em>, Enrique Granados</p>



<p class="wp-block-paragraph"><em>El polo gitano</em>, Tomás Bretón</p>



<p class="wp-block-paragraph"></p>

<p>Música española Oñazez, padre Donosti Malagueña, Isaac Albéniz Oriental, Enrique Granados Andaluza, Enrique Granados Evocación, Isaac Albéniz El Puerto, Isaac Albéniz Córdoba, Isaac Albéniz Canción y danza VI, Federico Mompou La maja y el ruiseñor, Enrique Granados Danzas fantásticas, Joaquín Turina Puerta de tierra, Isaac Albéniz Castilla, Isaac Albéniz La vida breve (danza1), Manuel de [&hellip;]</p>
