{"id":720,"date":"2025-09-17T11:56:51","date_gmt":"2025-09-17T11:56:51","guid":{"rendered":"http:\/\/www.teresacantalejo.com\/?page_id=720"},"modified":"2025-09-17T13:32:36","modified_gmt":"2025-09-17T13:32:36","slug":"cancion-finlandesa","status":"publish","type":"page","link":"https:\/\/www.teresacantalejo.com\/index.php\/cancion-finlandesa\/","title":{"rendered":"Canci\u00f3n finlandesa"},"content":{"rendered":"\n<p class=\"wp-block-paragraph\">Programa corto enmarcado en las actividades de la Residencia Literaria 1863<\/p>\n\n\n\n<p class=\"wp-block-paragraph\"><em>Syystunnelma<\/em>, Toivo Kuula<\/p>\n\n\n\n<p class=\"wp-block-paragraph\"><em>Tuijotin tulehen kauan<\/em>, Toivo Kuula<\/p>\n\n\n\n<p class=\"wp-block-paragraph\"><em>Kes\u00e4y\u00f6 kirkkomaalla<\/em>, Toivo Kuula<\/p>\n\n\n\n<p class=\"wp-block-paragraph\"><em>Kullanmurunen<\/em>, Oskar Merikanto<\/p>\n\n\n\n<p class=\"wp-block-paragraph\"><em>Kun p\u00e4iv\u00e4 paistaa<\/em>, Oskar Merikanto<\/p>\n\n\n\n<p class=\"wp-block-paragraph\"><em>Omenankuka<\/em>t, Oskar Merikanto<\/p>\n","protected":false},"excerpt":{"rendered":"<p>Programa corto enmarcado en las actividades de la Residencia Literaria 1863 Syystunnelma, Toivo Kuula Tuijotin tulehen kauan, Toivo Kuula Kes\u00e4y\u00f6 kirkkomaalla, Toivo Kuula Kullanmurunen, Oskar Merikanto Kun p\u00e4iv\u00e4 paistaa, Oskar Merikanto Omenankukat, Oskar Merikanto<\/p>\n","protected":false},"author":1,"featured_media":0,"parent":0,"menu_order":0,"comment_status":"closed","ping_status":"closed","template":"","meta":{"_seopress_titles_title":"","_seopress_titles_desc":"","_seopress_robots_index":"","_seopress_robots_follow":"","_seopress_robots_imageindex":"","_seopress_robots_snippet":"","_seopress_robots_primary_cat":"","_seopress_robots_breadcrumbs":"","_seopress_robots_freeze_modified_date":"","_seopress_robots_custom_modified_date":"","_seopress_robots_canonical":"","_seopress_social_fb_title":"","_seopress_social_fb_desc":"","_seopress_social_fb_img":"","_seopress_social_fb_img_attachment_id":0,"_seopress_social_fb_img_width":0,"_seopress_social_fb_img_height":0,"_seopress_social_twitter_title":"","_seopress_social_twitter_desc":"","_seopress_social_twitter_img":"","_seopress_social_twitter_img_attachment_id":0,"_seopress_social_twitter_img_width":0,"_seopress_social_twitter_img_height":0,"_seopress_redirections_value":"","_seopress_redirections_enabled":"","_seopress_redirections_enabled_regex":"","_seopress_redirections_logged_status":"both","_seopress_redirections_param":"","_seopress_redirections_type":301,"_seopress_analysis_target_kw":"","footnotes":""},"class_list":["post-720","page","type-page","status-publish","hentry"],"_links":{"self":[{"href":"https:\/\/www.teresacantalejo.com\/index.php\/wp-json\/wp\/v2\/pages\/720","targetHints":{"allow":["GET"]}}],"collection":[{"href":"https:\/\/www.teresacantalejo.com\/index.php\/wp-json\/wp\/v2\/pages"}],"about":[{"href":"https:\/\/www.teresacantalejo.com\/index.php\/wp-json\/wp\/v2\/types\/page"}],"author":[{"embeddable":true,"href":"https:\/\/www.teresacantalejo.com\/index.php\/wp-json\/wp\/v2\/users\/1"}],"replies":[{"embeddable":true,"href":"https:\/\/www.teresacantalejo.com\/index.php\/wp-json\/wp\/v2\/comments?post=720"}],"version-history":[{"count":2,"href":"https:\/\/www.teresacantalejo.com\/index.php\/wp-json\/wp\/v2\/pages\/720\/revisions"}],"predecessor-version":[{"id":757,"href":"https:\/\/www.teresacantalejo.com\/index.php\/wp-json\/wp\/v2\/pages\/720\/revisions\/757"}],"wp:attachment":[{"href":"https:\/\/www.teresacantalejo.com\/index.php\/wp-json\/wp\/v2\/media?parent=720"}],"curies":[{"name":"wp","href":"https:\/\/api.w.org\/{rel}","templated":true}]}}

Canción finlandesa

<p class="wp-block-paragraph">Programa corto enmarcado en las actividades de la Residencia Literaria 1863</p>



<p class="wp-block-paragraph"><em>Syystunnelma</em>, Toivo Kuula</p>



<p class="wp-block-paragraph"><em>Tuijotin tulehen kauan</em>, Toivo Kuula</p>



<p class="wp-block-paragraph"><em>Kesäyö kirkkomaalla</em>, Toivo Kuula</p>



<p class="wp-block-paragraph"><em>Kullanmurunen</em>, Oskar Merikanto</p>



<p class="wp-block-paragraph"><em>Kun päivä paistaa</em>, Oskar Merikanto</p>



<p class="wp-block-paragraph"><em>Omenankuka</em>t, Oskar Merikanto</p>

<p>Programa corto enmarcado en las actividades de la Residencia Literaria 1863 Syystunnelma, Toivo Kuula Tuijotin tulehen kauan, Toivo Kuula Kesäyö kirkkomaalla, Toivo Kuula Kullanmurunen, Oskar Merikanto Kun päivä paistaa, Oskar Merikanto Omenankukat, Oskar Merikanto</p>
